). Let u be (4/(-6))/((-2)/n). Suppose -5*m + 4*r = -797, -5*m + 3*r = 6*r - u. Is m a prime number?
False
Suppose -2*u = -u. Suppose u*t - 415 = -5*t. Is t a composite number?
False
Let s(j) = -j**2 + 2*j + 2. Let b be s(-4). Is 2705/55 - (-4)/b composite?
True
Let n be (1*-2)/(7 - 8). Suppose -n*y + 192 = 4*o, -y = 3*o + 4*y - 137. Is o prime?
False
Let q(a) = 4*a**2 + 23*a - 5. Is q(-18) prime?
True
Let p = -2 + 4. Suppose 3*a - 4*b - 252 = -b, -p*b = -5*a + 429. Is a prime?
False
Let r(k) = 5*k**2 + k + 11. Is r(5) a prime number?
False
Suppose 6*z - z - 24905 = 0. Is z a prime number?
False
Let a be (-1)/(1/(-14)*2). Suppose -10 = -2*t, -4*t = -2*g - a - 3. Suppose 5*m = g, r - m = 4*m + 32. Is r a composite number?
False
Let i = 42 - 26. Suppose l + 3*l = i. Suppose h + h - 63 = 5*g, 0 = -l*h + 2*g + 86. Is h prime?
True
Let r be 6/(-4)*(-8)/(-6). Is 1*(r + 0 + 91) composite?
False
Let q = 28 - -3. Is q prime?
True
Let v = -244 + 763. Let h = -332 + v. Is h composite?
True
Let w = -1036 + 2079. Is w prime?
False
Suppose 5*f - 3*d - 1025 = 0, 3*d - 363 - 457 = -4*f. Is f a composite number?
True
Suppose -5*i + 0*k - 14 = -4*k, 0 = 5*k + 20. Let x(y) = -7*y - 5. Is x(i) a prime number?
True
Suppose -594 = -4*y - 0*y + n, 0 = 4*y + n - 598. Is y a prime number?
True
Let i(f) = -3*f**2 - 3*f - 1. Let d be i(-7). Is -2*(-3)/(-6)*d a prime number?
True
Let w(g) = g**2 - 8*g + 7. Let s be w(6). Let p(c) = -2 + c + 4*c + 8 - 54*c. Is p(s) composite?
False
Suppose -2*w - 2*w + 2848 = 4*u, -2*w = -3*u - 1429. Is w a prime number?
False
Suppose -4*a + 1036 = -2*v, 0 = -5*a - v + 779 + 502. Let b be (9/27)/((-2)/(-24)) - 4. Suppose b*u = 3*l - u - 198, -u = 4*l - a. Is l composite?
True
Suppose -64 = -s + 5*c, 3*c = 2*s + s - 216. Is s a composite number?
True
Suppose 2*b + 4*r - 216 = 0, -b - 4*b = -4*r - 554. Suppose 2*f - 4*f = -b. Is f a composite number?
True
Suppose 2298 = -52*p + 55*p. Is p a prime number?
False
Let s = -1249 + 3698. Let l = s - 1706. Is l a prime number?
True
Let h(n) = n - 2. Let c be h(2). Suppose 0*y - 6 = -3*t + 4*y, 5*t - 2*y - 10 = c. Suppose 0*p + 4 = t*p. Is p a prime number?
True
Let g(n) = -n**3 - 20*n**2 + 40*n + 17. Is g(-24) a composite number?
False
Suppose 35 = k + 3*h, 0*h - 5 = -h. Suppose 51 = -0*i + 3*i. Let a = i + k. Is a a prime number?
True
Suppose 4*l = g - 93, 0*g - 2*g - 2*l + 146 = 0. Is g prime?
False
Let b be 1 + 1 + 1 + -2 + 2. Suppose 0 = -4*f - c + 13, 3*c = 3*f + 2 + 7. Is (-33)/(f*b/(-6)) composite?
True
Suppose -2*l - c + 101 = 0, -4*l = -2*l - c - 111. Let n = 214 - l. Is n a prime number?
False
Let o(n) = -3 + 2 + 42*n**3 - 3*n**2 + 2*n + 2*n**2. Is o(2) composite?
True
Let k(z) = -2*z + 123. Is k(0) a composite number?
True
Let n(w) = -2*w**3 - w**2 + 259. Is n(0) a composite number?
True
Let y(a) = -a**3 + 3*a**2 + 7*a - 10. Let w be y(4). Suppose 5*i = -5*v + 1250, -3*i + w*v - v = -754. Is i composite?
False
Let k(q) = -q - 1. Let f be k(-7). Suppose -4*t + 4*g + 32 = 0, t + 2*g = f*g + 23. Suppose 5*x - b = t*x + 42, -3*x + 3*b + 69 = 0. Is x a prime number?
True
Let m(n) = n**2 - n - 1. Suppose 0 = 5*f - 0*f - 80. Suppose -2*c - 4*y - f = 0, 4*c = c + 2*y - 8. Is m(c) a composite number?
False
Let a(n) = -n**3 - 3*n**2 - n. Let r(p) = -p**2 + 8*p - 3. Let i be r(7). Let b = i - 7. Is a(b) a composite number?
False
Let n(c) = c**3 + 7*c**2 - c - 6. Let k be n(-7). Let i(w) = 24*w**2 + w. Is i(k) a prime number?
False
Suppose 0 = 2*c - 40 - 2. Is c a prime number?
False
Let k(s) = -s**3 + s**2 + s - 6. Let c be k(0). Let w be 713/3 - 2/c. Let o = -167 + w. Is o a prime number?
True
Let p(u) = -71*u**3 - 2*u**2 + 2*u - 1. Let h be p(1). Let o = h - -107. Suppose -2*z + 2*s = -3*s - 40, 5*s = -3*z + o. Is z a prime number?
False
Let j(x) = -x - 2. Let c be j(-7). Let a be 4/(-10) - (-7)/c. Let w(y) = 15*y**3 - 2*y**2 + 1. Is w(a) a prime number?
False
Let q(t) = -t**2 + 6*t - 3. Let v be q(4). Suppose 0 = -v*w - 39 + 104. Is w a composite number?
False
Suppose 3*t + 48 = -0*t. Let g be (-1016)/t + (-6)/4. Suppose -5*f + g = l, l + 2*f - 230 = -3*l. Is l a prime number?
False
Suppose 0*c = -c - 4*k - 6, 2*k + 12 = 4*c. Suppose -3*u + 2*u = 4*p + 320, -p = -4*u + 63. Is 0 - (p - (2 - c)) a composite number?
False
Suppose -3*n - 22 = -4*n. Suppose k = -p + 6, -p = -k + 6*k - n. Suppose 0*t + p*t - 26 = 0. Is t a composite number?
False
Suppose 0 = -2*x + 2*o + 2964, -2*x + 2959 = -0*x + 3*o. Is x a prime number?
True
Let g = -2 - 1. Let b be 3 + g + -3 - 2. Let c(i) = -5*i + 1. Is c(b) a composite number?
True
Let d(h) = -3*h**3 + 3*h**2 - 2*h - 3. Let a be d(-3). Is 0 - a/(-2 + 1) a composite number?
True
Suppose -4*i + 18 = -3*i. Let s = 109 - i. Is s a prime number?
False
Let f(p) = -p**3 + 10*p**2 - 7*p + 13. Is f(9) composite?
False
Let b(r) = 2*r**2 + 12*r + 9. Let g be (-1)/((-4)/18)*-2. Let m be b(g). Let p = m + 34. Is p a prime number?
True
Let p(l) = 12*l + 1. Let i = -6 + 13. Is p(i) composite?
True
Suppose 9779 = -3*g + 10*g. Is g a composite number?
True
Let d be (-1 + (-7)/(-5))*15. Suppose -3*f + 54 = 3*p, -3*p - d = -4*p + 2*f. Is p prime?
False
Let b(o) = 35*o + 2. Is b(1) a prime number?
True
Let a(h) = h**3 - 6*h**2 + 6*h - 5. Suppose x + 0 - 5 = 0. Suppose 0 = -x*m + m + 24. Is a(m) prime?
True
Suppose -1483 = 7*q - 5130. Is q a composite number?
False
Let w = 316 - 59. Is w prime?
True
Suppose -q + 3*z + 121 = 0, 5*q - 4*z + 3*z - 633 = 0. Is q a composite number?
False
Let o(d) = -6*d**2 + 11*d + 12. Let h(w) = -5*w**2 + 10*w + 11. Let k(t) = 5*h(t) - 4*o(t). Let v be k(-9). Let x = v - -225. Is x prime?
True
Let z(b) = 9*b + 1. Is z(2) prime?
True
Suppose -8*t + 810 = -3*t. Is 3 - (-7)/(21/t) prime?
False
Suppose -4*z + 756 = -472. Is z prime?
True
Is (0 - 1 - 0) + 122 a composite number?
True
Suppose -6*h + 251 = 41. Is h a prime number?
False
Let n be 2*(2 - 1 - 5). Let g = n + 31. Is g prime?
True
Let j = -13 - -20. Is j composite?
False
Let h = 211 + -70. Is h prime?
False
Let b(p) = 61*p + 2. Is b(5) prime?
True
Let k(d) = -2*d + 5. Let w(n) = -2*n**3. Let o be w(-1). Suppose -o*b - 3*b - 20 = 0. Is k(b) a prime number?
True
Let a(q) = 19*q - 2. Let t(m) = m**2 + 7. Let o be t(0). Is a(o) composite?
False
Let c = -48 - -79. Let r = c + -18. Suppose -2*l + 63 = r. Is l a composite number?
True
Suppose -2*j = -3*m + 8, 0*j - m = 2*j - 8. Suppose j*b - 41 - 629 = 0. Is b a prime number?
False
Suppose z = -z + 2, 2*m - 8629 = 5*z. Is m composite?
True
Suppose 4*l + 12 = 4*o, l - 1 + 19 = 4*o. Suppose -10 = -o*m + 20. Is m composite?
True
Let v(a) = -a**2 + 5*a + 2. Let l(k) = 2*k - 2. Let w be l(4). Let j be v(w). Is ((-161)/(-2))/(j/(-8)) a composite number?
True
Suppose 71 + 3 = -2*k + 2*y, 4*k = 2*y - 158. Let z = 270 + k. Suppose -4*l + z = -48. Is l prime?
False
Let u(b) = 2*b + 2. Let h be u(3). Let x(j) = 2*j + 3. Is x(h) composite?
False
Suppose 0 = -2*a + 98 + 96. Is a composite?
False
Suppose -4*u - 11 - 13 = 0. Is (4/2)/(u/(-639)) prime?
False
Is 2023 + (-5)/(5/(-4)) a composite number?
False
Let p(n) = 9*n**2 + 10 + 0*n - 5*n + 0*n - n**2. Is p(-5) prime?
False
Suppose -5*i + 228 + 102 = 0. Let t = 143 - i. Suppose 0 = 3*j - 64 - t. Is j composite?
False
Let b(z) = 4*z + z**3 - 2*z**2 + z - 4*z**2. Let o be b(5). Suppose -3*k + 97 + 44 = o. Is k prime?
True
Let x = -3 - -9. Let t(s) = 4*s**2 + 8*s - 5. Is t(x) a prime number?
False
Suppose 0 = 4*m + u - 12244 + 1931, -10328 = -4*m + 4*u. Is m prime?
True
Suppose -3*d - 201 = -k, d = -5*k + 3*d + 1005. Is k a composite number?
True
Suppose 0*z - 2*z + 290 = 0. Is z prime?
False
Let q(c) be the third derivative of c**5/60 + 5*c**4/24 + c**3/6 + 2*c**2. Is q(5) composite?
True
Is 38580/44 - 4/(-22) a composite number?
False
Let v be 95/15 - (-1)/(-3). Suppose -4*f - 470 = -v*f. Is f composite?
True
Suppose 3*r - 4*j - 741 = 0, 5*r + 0*j = j + 1252. Suppose -y - g + r = -144, 0 = 4*y - g - 1590. Is y a composite number?
False
Suppose 3*n + 112 - 367 = 0. Is n a composite number?
True
Let d = 5 - 4. Let w(b) be the third derivative of b**6/3 - b**5/60 + b**4/24 - b**3/6 + b**2. Is w(d) composite?
True
Let m be (-2694)/(-27) + (-4)/(-18). Suppose m = 3*j + 19. Suppose 4*f - j - 13 = 0. Is f a composite n